 r + 6. Let a be f(-3). Let m = 6508 + -3030. Suppose t = -2*t - w + 3458, -a*t - 5*w = -m. Is t composite?
False
Let t = 11 - 10. Let w(l) = -52*l + 52*l + 8*l**2 + 23*l**2. Is w(t) composite?
False
Suppose -42*m = -52*m + 40. Suppose 10 = 6*g - 11*g, 0 = m*d - 4*g - 86692. Is d a prime number?
False
Suppose -4*n - 6558 + 57842 = -4*f, 5*n + f - 64105 = 0. Is n a prime number?
True
Let w(c) = -150*c - 89. Let s be w(12). Let r = s + 25670. Is r prime?
False
Let m(l) = 8*l**3 + l**2 - 3*l + 1. Let h be m(1). Let w be (4/4)/((-1)/(-3)). Suppose -628 = 3*s - h*s + 2*q, q = w*s - 473. Is s a composite number?
True
Let a = 12 - -38. Let d = a + -50. Let y(s) = -5*s + 541. Is y(d) a composite number?
False
Let m be (-10)/(-5) + 0 + (2 - -31). Let o = m - -24. Let x = 78 - o. Is x composite?
False
Suppose 0 = -o + 4*q + 72861, -o + 72819 = 1222*q - 1220*q. Is o a composite number?
True
Is (-6 - -4027)*(48 + 5/1) + 6 prime?
True
Let d(i) = -1304*i**3 + 16*i**2 + 61*i + 23. Is d(-4) a composite number?
True
Suppose 0 = 41*p - 5868875 - 9730928. Is p prime?
True
Let s(y) = -2707*y + 767 + 1422*y - 966 + 3208*y + 5039*y. Is s(6) composite?
True
Let g(h) = -h**2 - 8*h - 10. Let o be g(-4). Is 17046/27*o/4 a composite number?
False
Let x(d) be the third derivative of -1195*d**4/12 + 109*d**3/6 - 99*d**2 - 2*d. Is x(-9) prime?
False
Suppose 0 = 12*d - 9*d - 6. Let y = -1383 + 1387. Suppose -y*i - 1401 + 12861 = 4*c, c + 5724 = d*i. Is i prime?
False
Suppose 5*n - 1162783 = -3*s, -23*s - 1162799 = -5*n - 22*s. Is n a prime number?
False
Suppose -20 = -5*b + 25. Let q(g) = -109*g + 26. Let r(m) = -219*m + 53. Let p(t) = -13*q(t) + 6*r(t). Is p(b) prime?
True
Suppose 4*y = 2*o, -y = -6*o + 2*o + 14. Suppose 2*x - x - o*k - 8771 = 0, 5*k = -x + 8816. Is x prime?
False
Suppose 54 = -20*i + 17*i. Let a = 2 + -11. Is (-5246)/a + (-2)/i prime?
False
Is (1041882/9)/((-6)/(-9)) composite?
False
Let l = -24321 - -56438. Is l composite?
False
Let m(a) = a**3 + 22*a**2 - 16*a - 52. Let n be m(-16). Suppose -4*o + 0*o = -3*q - 1768, -4*o + n = 4*q. Is o a prime number?
True
Let w(d) = 3684*d + 617. Is w(28) a composite number?
False
Let l(p) = p**3 + 5*p**2 - 17*p - 9. Let t be l(-7). Suppose -5*o = d - 17, -5*d - 3 = t. Suppose -3*a + 1650 = -3*i, -2*i - 1436 + 3654 = o*a. Is a composite?
True
Let t(z) = 2*z + 2. Let s be t(0). Let u(b) = -7*b**s - 12*b + b**3 - 9*b + 10 + 15*b. Is u(8) composite?
True
Suppose d + 2*h = 1019039, 2849*d + 5*h = 2847*d + 2038086. Is d a composite number?
False
Let z(f) = 12655*f**3 - f**2 + 8*f - 7. Suppose o = -9 + 10. Is z(o) prime?
False
Let k = 532325 + -317332. Is k a composite number?
False
Let g(f) = 13*f**2 + 23*f - 65. Let u(c) = -c**2 + c - 1. Let h(a) = g(a) - 6*u(a). Is h(12) prime?
False
Let t(r) = 6324*r**2 - 5*r + 7. Let y be 4/(-2) + (-12 + 9 - -6). Is t(y) a prime number?
False
Suppose -76*o - 1472708 = -90*o + 3960426. Is o a prime number?
True
Is (4/(-10))/((-27)/2284335) a composite number?
True
Let q = 1086 + -643. Let i be 1*q + 4 + 0. Suppose 2*x - i = -x. Is x composite?
False
Is (-10 + -20)/(-10) - (-91162 + -2) a prime number?
False
Let g(k) be the third derivative of 0 - 1/30*k**5 + 1/120*k**6 + 0*k - 29*k**2 + 97/2*k**3 + 1/24*k**4. Is g(0) prime?
False
Suppose -h + n + 27 = 0, 10*h = 12*h - 3*n - 54. Suppose 2*f + 6 = 0, -h*o + 30*o - f - 47046 = 0. Is o a composite number?
True
Let j(y) = y**3 - 78*y**2 + 193*y - 153. Is j(77) composite?
False
Let k(n) = 769*n + 8. Let d be k(4). Suppose -728 = 4*o - d. Let q = o - 200. Is q prime?
True
Let k(j) = 355*j**3 - 36*j**2 - 56*j - 70. Let r(p) = 71*p**3 - 7*p**2 - 11*p - 14. Let v(l) = 2*k(l) - 11*r(l). Is v(-3) composite?
False
Is 84/532 - (-10304554)/247 prime?
True
Suppose -11*d - 9136224 = -32*d - 3*i, -2*i = d - 435049. Is d prime?
True
Let n(o) = 1948*o**2 + 109*o + 1816. Is n(-31) prime?
False
Suppose 0 = 3*p - q - 1715, 2*p + 2*q = 3*p - 580. Suppose 0 = -3*i - 0*h - 5*h + 823, -2*i = -2*h - p. Suppose 4*g = i + 51. Is g a prime number?
True
Let i be (2/8)/((-3)/(-72)). Suppose -8*g + i*g + 20250 = 4*v, 3*g - 30377 = -5*v. Is g composite?
True
Let j = -435 - -450. Let g(q) = 544*q - 59. Is g(j) prime?
True
Is ((-8076)/18)/(4*(-2)/228) composite?
True
Let a(r) = 38*r**2 + 11*r - 10. Let t be a(-7). Suppose v + 3*f - t = -514, -4*v = -3*f - 5044. Is v a prime number?
False
Let t(m) = -4*m**2 - 99*m - 40. Let o(l) = -9*l**2 - 198*l - 80. Let g(d) = -4*o(d) + 7*t(d). Is g(-33) a prime number?
False
Suppose 61 - 73 = 3*z. Is 600913/38 - 6/z a composite number?
True
Let g(f) = 25555*f**2 + 249*f - 17. Is g(-8) composite?
True
Suppose -3*x = 2*q + 2*q + 8, 4*x + 21 = 5*q. Let i be (-6)/(5 - -7) + 646/x. Let w = i + 533. Is w prime?
False
Let r(l) = 5*l + 1. Let i be r(-1). Let m(h) be the first derivative of -7*h**4/4 - 4*h**3/3 + h**2/2 + 11*h + 81. Is m(i) prime?
False
Suppose -2*f - 4*f + 150 = 0. Suppose -f = 5*l, z - 265 - 150 = 4*l. Is z prime?
False
Let f(t) be the third derivative of 9*t**5/10 - t**4/12 - t**3/2 - 14*t**2. Let p be f(7). Suppose z + 0*z = -3*j + p, 8 = -4*z. Is j a composite number?
False
Let q(k) = 3*k**3 - k**2. Let y be q(2). Let j(v) = -v**2 + 12*v + 16. Let u be j(y). Is 4576/18 - (-32)/u composite?
True
Let c be (-27)/18*-2*1. Let m = c - -1. Suppose -u - m*g = -29, -4*u + 3*g + 108 = -46. Is u a composite number?
False
Suppose -3557635 = -15*y + 1981760. Is y prime?
True
Suppose 0 = x + 1, -61*x + 52*x + 1358836 = 5*p. Is p a prime number?
True
Let a = 684897 - 400762. Is a a composite number?
True
Let q(n) = -2343*n + 890. Is q(-7) prime?
True
Suppose -7*c = 10*c - 51. Suppose -c*x + 28358 = -9985. Is x composite?
False
Let t = 5493 + -5488. Let l be (-4)/(-14) + 33174/21. Suppose -d - 2*d + 328 = x, -l = -5*x + t*d. Is x a prime number?
False
Let m(z) = 9544*z**2 + 202*z - 1. Is m(3) composite?
False
Suppose -3234 = 57*b - 61*b - 12746. Let l be (-23476)/6 - 1/3. Let d = b - l. Is d a prime number?
False
Suppose -945350 = -11*g + 3850397. Is g prime?
False
Is (1372795/280 - (-2)/7) + 78/(-624) a prime number?
True
Let h = 68121 + 250742. Is h composite?
False
Let p(m) = 3769*m + 2002. Is p(3) composite?
False
Suppose -2*r - 4*j = -2086, -r + 936 + 92 = -j. Let c = 2091 - r. Suppose -b = b - c. Is b composite?
True
Suppose 14*t + i - 4 = 13*t, -2*t + i = -2. Suppose -4*l + 11367 = 3*o, -o = -t*l - 2*l - 3805. Is o a composite number?
False
Suppose -3*l = -4*l + 2*t + 2052, 2*t = -4*l + 8218. Let z = l - 1. Suppose 3076 = 3*c + 4*w - 9*w, z = 2*c - w. Is c prime?
False
Suppose 1513913 = -5*i + 10*i + a, a = -6*i + 1816695. Is i prime?
False
Let d = 42 + -42. Suppose -2*t + t = d. Suppose -3*i = -2*q + 1067, 4*i = -q - t*q + 561. Is q composite?
False
Let k be (-159)/(-1) + 136/17. Suppose -b = 4 - 6. Suppose -b*v - 5*i + 93 = 0, -4*v + v - 2*i = -k. Is v a composite number?
False
Let y be 518/182 - (-6)/39. Suppose -y*m - 3*w + 89 + 715 = 0, -3*m + 2*w = -789. Is m a prime number?
False
Suppose 0 = -55*u + 46*u + 36. Suppose 5*q - 5677 = -u*v, -3*v + 5*q - 3*q = -4252. Is v a prime number?
False
Suppose -6*j = -1169 - 3086 + 577. Is j a prime number?
True
Suppose -3*h + 654 = 2*c - 3*c, -3*h - 5*c + 654 = 0. Suppose 1270 = 4*f + 4*q - h, -5*q - 1076 = -3*f. Is f prime?
True
Let a = -2343 + 9376. Let m = a - -2776. Is m a composite number?
True
Let u(h) = 406*h - 3. Let q be u(-10). Let k = -2319 - q. Is k + 2 + 1 - (-4 + 4) a composite number?
False
Suppose -7*m = 27 - 20. Let a(v) = 15194*v**2 - 2*v - 3. Is a(m) a prime number?
True
Suppose n + 3*q = 5*q + 12, 3*q = -9. Suppose 0 = 2*b - 4, 7505 = 3*l + 4*b - n*b. Is l prime?
True
Let m(u) = 636*u**2 + 34*u + 883. Is m(28) a composite number?
False
Let l(j) = 6*j + 1822. Let f be l(0). Let k = f - 1025. Is k composite?
False
Suppose -l + 3*c = 2, 18*c = 3*l + 20*c + 17. Let y(t) be the third derivative of -t**6/30 - t**5/10 + t**4/12 + t**3/6 - 2*t**2. Is y(l) a prime number?
False
Let b = 20 + -16. Suppose 3*k - y - 5 = 0, -5*k + 4 + 10 = b*y. Suppose -8*a + k*a = -1956. Is a composite?
True
Let v(c) = 371*c**3 - 23*c**2 + 46*c - 3. Is v(13) a prime number?
False
Let a = -1053 + 9244. Is a prime?
True
Let h be (0 - 49/(-4))/(4/16). Suppose -h*l = -52*l - 20886. Let w = -2769